{"id":3777,"date":"2015-12-18T11:50:32","date_gmt":"2015-12-18T10:50:32","guid":{"rendered":"http:\/\/sloboda.ba\/?page_id=3777"},"modified":"2025-10-12T01:18:54","modified_gmt":"2025-10-11T23:18:54","slug":"led-display","status":"publish","type":"page","link":"https:\/\/sloboda.ba\/okkslobodatest\/marketing\/led-display\/","title":{"rendered":"LED Display"},"content":{"rendered":"\t\t<div data-elementor-type=\"wp-page\" data-elementor-id=\"3777\" class=\"elementor elementor-3777\">\n\t\t\t\t<div class=\"elementor-element elementor-element-26358be3 e-flex e-con-boxed sc_layouts_column_icons_position_left e-con e-parent\" data-id=\"26358be3\" data-element_type=\"container\">\n\t\t\t\t\t<div class=\"e-con-inner\">\n\t\t\t\t<div class=\"elementor-element elementor-element-7f14c537 sc_fly_static elementor-widget elementor-widget-text-editor\" data-id=\"7f14c537\" data-element_type=\"widget\" data-widget_type=\"text-editor.default\">\n\t\t\t\t\t\t\t\t\t\n<h6>Reklamirajte se na led displayima OKK Sloboda<\/h6>\n\n<p>\u00a0<\/p>\n<p>Display dimenzija 4&#215;3 se nalazi na dvije izuzetno prometno lokacije u gradu Tuzli \u2013 jedan na raskrsnici Tenis-Centar dok je drugi izme\u0111u Br\u010danske Malte i Sjenjaka. Display dimenzija 6&#215;4 nalazi se na TOP lokaciji u Tuzli, na Trgu Slobode u pje\u0161a\u010dkoj zoni.<\/p>\n\n<p>\u00a0<\/p>\n\n<figure class=\"wp-block-table\">\n<table class=\"has-fixed-layout\">\n<tbody>\n<tr>\n<td><strong><span data-removefontsize=\"true\" data-originalcomputedfontsize=\"14.666666984558105\">PAKETI U PONUDI<\/span><\/strong><\/td>\n<td><strong><span data-removefontsize=\"true\" data-originalcomputedfontsize=\"14.666666984558105\">BROJ PRIKAZIVANJA DNEVNO 24\/7<\/span><\/strong><\/td>\n<td><strong><span data-removefontsize=\"true\" data-originalcomputedfontsize=\"14.666666984558105\">CIJENA PAKETA ZA DISPLAY 4&#215;3<\/span><\/strong><\/td>\n<td><strong><span data-removefontsize=\"true\" data-originalcomputedfontsize=\"14.666666984558105\">CIJENA PAKETA ZA DISPLAY 6&#215;4<\/span><\/strong><\/td>\n<\/tr>\n<tr>\n<td><span data-removefontsize=\"true\" data-originalcomputedfontsize=\"14.666666984558105\">MINIMUM<\/span><\/td>\n<td><span data-removefontsize=\"true\" data-originalcomputedfontsize=\"14.666666984558105\">200<\/span><\/td>\n<td><span data-removefontsize=\"true\" data-originalcomputedfontsize=\"14.666666984558105\">150,00<\/span><\/td>\n<td><span data-removefontsize=\"true\" data-originalcomputedfontsize=\"14.666666984558105\">250,00<\/span><\/td>\n<\/tr>\n<tr>\n<td><span data-removefontsize=\"true\" data-originalcomputedfontsize=\"14.666666984558105\">BLIC<\/span><\/td>\n<td><span data-removefontsize=\"true\" data-originalcomputedfontsize=\"14.666666984558105\">300<\/span><\/td>\n<td><span data-removefontsize=\"true\" data-originalcomputedfontsize=\"14.666666984558105\">200,00<\/span><\/td>\n<td><span data-removefontsize=\"true\" data-originalcomputedfontsize=\"14.666666984558105\">350,00<\/span><\/td>\n<\/tr>\n<tr>\n<td><span data-removefontsize=\"true\" data-originalcomputedfontsize=\"14.666666984558105\">START<\/span><\/td>\n<td><span data-removefontsize=\"true\" data-originalcomputedfontsize=\"14.666666984558105\">400<\/span><\/td>\n<td><span data-removefontsize=\"true\" data-originalcomputedfontsize=\"14.666666984558105\">300,00<\/span><\/td>\n<td><span data-removefontsize=\"true\" data-originalcomputedfontsize=\"14.666666984558105\">450,00<\/span><\/td>\n<\/tr>\n<tr>\n<td><span data-removefontsize=\"true\" data-originalcomputedfontsize=\"14.666666984558105\">STANDARD<\/span><\/td>\n<td><span data-removefontsize=\"true\" data-originalcomputedfontsize=\"14.666666984558105\">500<\/span><\/td>\n<td><span data-removefontsize=\"true\" data-originalcomputedfontsize=\"14.666666984558105\">400,00<\/span><\/td>\n<td><span data-removefontsize=\"true\" data-originalcomputedfontsize=\"14.666666984558105\">600,00<\/span><\/td>\n<\/tr>\n<tr>\n<td><span data-removefontsize=\"true\" data-originalcomputedfontsize=\"14.666666984558105\">PROMO<\/span><\/td>\n<td><span data-removefontsize=\"true\" data-originalcomputedfontsize=\"14.666666984558105\">700<\/span><\/td>\n<td><span data-removefontsize=\"true\" data-originalcomputedfontsize=\"14.666666984558105\">500,00<\/span><\/td>\n<td><span data-removefontsize=\"true\" data-originalcomputedfontsize=\"14.666666984558105\">800,00<\/span><\/td>\n<\/tr>\n<tr>\n<td><span data-removefontsize=\"true\" data-originalcomputedfontsize=\"14.666666984558105\">FULL<\/span><\/td>\n<td><span data-removefontsize=\"true\" data-originalcomputedfontsize=\"14.666666984558105\">1000<\/span><\/td>\n<td><span data-removefontsize=\"true\" data-originalcomputedfontsize=\"14.666666984558105\">750,00<\/span><\/td>\n<td><span data-removefontsize=\"true\" data-originalcomputedfontsize=\"14.666666984558105\">1.000,00<\/span><\/td>\n<\/tr>\n<\/tbody>\n<\/table>\n<\/figure>\n\n<p>\u00a0<\/p>\n\n<p>Cijene iskazane u ponudi se odnose na jedan display i na period od jednog mjeseca emitovanja. Na iskazane cijene se dodaje pripadaju\u0107i PDV.<\/p>\n\n<figure class=\"wp-block-image size-full\"><img fetchpriority=\"high\" decoding=\"async\" width=\"1024\" height=\"356\" class=\"wp-image-45607\" src=\"https:\/\/sloboda.ba\/okkslobodatest\/wp-content\/uploads\/2025\/10\/trg-led-display.jpeg\" alt=\"\" srcset=\"https:\/\/sloboda.ba\/okkslobodatest\/wp-content\/uploads\/2025\/10\/trg-led-display.jpeg 1024w, https:\/\/sloboda.ba\/okkslobodatest\/wp-content\/uploads\/2025\/10\/trg-led-display-300x104.jpeg 300w, https:\/\/sloboda.ba\/okkslobodatest\/wp-content\/uploads\/2025\/10\/trg-led-display-768x267.jpeg 768w, https:\/\/sloboda.ba\/okkslobodatest\/wp-content\/uploads\/2025\/10\/trg-led-display-370x129.jpeg 370w, https:\/\/sloboda.ba\/okkslobodatest\/wp-content\/uploads\/2025\/10\/trg-led-display-840x292.jpeg 840w, https:\/\/sloboda.ba\/okkslobodatest\/wp-content\/uploads\/2025\/10\/trg-led-display-410x143.jpeg 410w, https:\/\/sloboda.ba\/okkslobodatest\/wp-content\/uploads\/2025\/10\/trg-led-display-500x174.jpeg 500w, https:\/\/sloboda.ba\/okkslobodatest\/wp-content\/uploads\/2025\/10\/trg-led-display-400x139.jpeg 400w, https:\/\/sloboda.ba\/okkslobodatest\/wp-content\/uploads\/2025\/10\/trg-led-display-32x11.jpeg 32w, https:\/\/sloboda.ba\/okkslobodatest\/wp-content\/uploads\/2025\/10\/trg-led-display-600x209.jpeg 600w\" sizes=\"(max-width: 1024px) 100vw, 1024px\" \/><\/figure>\n\n<p>SPECIJALNA PONUDA \u2013 za ugovore na period od 6 do 12 mjeseci: ukoliko iznajmite display na Trgu Slobode + jedan od dva manja, tre\u0107i dobijate gratis. Dakle, drugi manji na preostaloj lokaciji dobijate po sistemu \u201ePLATI\u0160 2, KORISTI\u0160 3\u201c.<\/p>\n\n<blockquote>\n<p class=\"has-text-align-center\">Promotivni materijal se pravi u trajanju od 8 do 12 sekundi, format je 800&#215;600 (displayi &#8220;Sjenjak&#8221; i &#8220;Tenis&#8221;, odnosno 720&#215;480 (display &#8220;Trg&#8221;), u extenziji .mp4.<\/p>\n<\/blockquote>\n\n<p>Sve dodatne informacije mo\u017eete dobiti na telefon 035\/258-109 ili putem maila: <a href=\"mailto:okksloboda@outlook.com\" data-removefontsize=\"true\" data-originalcomputedfontsize=\"14.666666984558105\">okksloboda@outlook.com<\/a><\/p>\n\n<p>OKK Sloboda<\/p>\n\n<p>\u00a0<\/p>\n\t\t\t\t\t\t\t\t<\/div>\n\t\t\t\t\t<\/div>\n\t\t\t\t<\/div>\n\t\t\t\t<\/div>\n\t\t","protected":false},"excerpt":{"rendered":"<p>Reklamirajte se na led displayima OKK Sloboda \u00a0 Display dimenzija 4&#215;3 se nalazi na dvije izuzetno prometno lokacije u gradu Tuzli \u2013 jedan na raskrsnici Tenis-Centar dok je drugi&hellip;<\/p>\n","protected":false},"author":3,"featured_media":12293,"parent":3780,"menu_order":0,"comment_status":"closed","ping_status":"open","template":"","meta":{"footnotes":""},"class_list":["post-3777","page","type-page","status-publish","has-post-thumbnail","hentry"],"_links":{"self":[{"href":"https:\/\/sloboda.ba\/okkslobodatest\/wp-json\/wp\/v2\/pages\/3777","targetHints":{"allow":["GET"]}}],"collection":[{"href":"https:\/\/sloboda.ba\/okkslobodatest\/wp-json\/wp\/v2\/pages"}],"about":[{"href":"https:\/\/sloboda.ba\/okkslobodatest\/wp-json\/wp\/v2\/types\/page"}],"author":[{"embeddable":true,"href":"https:\/\/sloboda.ba\/okkslobodatest\/wp-json\/wp\/v2\/users\/3"}],"replies":[{"embeddable":true,"href":"https:\/\/sloboda.ba\/okkslobodatest\/wp-json\/wp\/v2\/comments?post=3777"}],"version-history":[{"count":9,"href":"https:\/\/sloboda.ba\/okkslobodatest\/wp-json\/wp\/v2\/pages\/3777\/revisions"}],"predecessor-version":[{"id":45622,"href":"https:\/\/sloboda.ba\/okkslobodatest\/wp-json\/wp\/v2\/pages\/3777\/revisions\/45622"}],"up":[{"embeddable":true,"href":"https:\/\/sloboda.ba\/okkslobodatest\/wp-json\/wp\/v2\/pages\/3780"}],"wp:featuredmedia":[{"embeddable":true,"href":"https:\/\/sloboda.ba\/okkslobodatest\/wp-json\/"}],"wp:attachment":[{"href":"https:\/\/sloboda.ba\/okkslobodatest\/wp-json\/wp\/v2\/media?parent=3777"}],"curies":[{"name":"wp","href":"https:\/\/api.w.org\/{rel}","templated":true}]}}